e units digit of m?
1
Suppose g - 3*g = -80. Suppose 0*c - g = -4*c. What is the units digit of c?
0
Let c = -1 + 10. Let l = c + -12. Let v = 2 - l. What is the units digit of v?
5
Suppose -27 = -4*v - 3. What is the units digit of (-2 + 0)*(-9)/v?
3
Suppose 0 = -f - 8 + 52. Suppose 0*s = -2*d - 4*s + f, 2*s - 54 = -3*d. What is the tens digit of d?
1
What is the tens digit of (3 - (4 + 0)) + 39?
3
Let m(y) be the third derivative of y**5/60 + y**4/4 + 4*y**3/3 + 3*y**2. Let x be m(-6). Suppose -x = -6*d + 2*d. What is the units digit of d?
2
Let h = 77 - 21. What is the units digit of h?
6
Suppose 0 = 3*l - 4*l + 4*c + 41, -4*c + 43 = 3*l. What is the units digit of l?
1
Suppose -3*v + 0*v + 184 = 4*z, -2*z = -3*v - 92. What is the tens digit of z?
4
Suppose 20 = -3*s + 8*s. Suppose 0 = -s*d + 144 - 44. What is the units digit of d?
5
What is the tens digit of -1 - ((-1 - -2 - -1) + -330)?
2
Let r(l) = l + 8. Let w be r(8). Let a = -8 + w. What is the units digit of a?
8
Suppose 2*d + d - 6 = 0. Suppose k = 5*k + 5*f + 13, 8 = -d*k - 4*f. Let m = k + 8. What is the units digit of m?
6
Let n be 4/6 + (-26)/(-6). Let z(s) be the second derivative of s**3/2 + s**2/2 + 37*s. What is the tens digit of z(n)?
1
Suppose 4*m - 4*v - 1672 = 0, -824 = -3*m + m - 4*v. What is the tens digit of m?
1
Let l(i) = -88*i**3 - i**2 - 3*i - 2. What is the tens digit of l(-1)?
8
Let x = 10 + -3. Let j(l) = 10 - 4 - l**2 + 0*l**2 + 7*l. What is the units digit of j(x)?
6
Let p = -16 - -36. What is the tens digit of p?
2
Let q(t) = -t + 12. Let h be q(0). Suppose -h = 3*l - 0*l. Let p = l + 17. What is the units digit of p?
3
Let u(r) = r - 2*r + r**2 + 0*r + 0*r**2 - 2. What is the units digit of u(-2)?
4
Let f(d) = d - 7. Let h be f(6). Let j = 4 + h. What is the units digit of j?
3
Suppose 0 = -k - 4*k + 4*h + 115, -39 = -k + 4*h. Suppose -4 = 3*s - k. What is the units digit of s?
5
Let l be -2 + (-1 - 2 - -2). Let o be (-2 - -5)/l - -3. Suppose 3*q - 25 = -4*p, o*q - q - 3 = 4*p. What is the units digit of q?
7
Let u(p) = -2*p**2 - p. Let z(w) = -w**2 - 2*w. Let x(c) = -3*u(c) + 2*z(c). Let v = 1 + -2. What is the units digit of x(v)?
5
Suppose -3*m + 129 = -0*m. Suppose -3*g = 13 - m. Suppose 4*q = 3*q + g. What is the units digit of q?
0
Suppose -r + 0*r + 11 = -w, -r + 27 = -5*w. Let h = 7 - r. Suppose h = 2*p + p - 63. What is the units digit of p?
1
Let g = -5 - -8. Suppose g*j - 5*j - 18 = 0. Let u(i) = i**2 + 9*i + 10. What is the tens digit of u(j)?
1
Let b be 2/9 - (-4)/(-18). Suppose b*u - 18 = -2*u. What is the units digit of u?
9
Let i(w) = -w**2 + 16*w - 17. What is the units digit of i(10)?
3
Suppose 5*v - 188 = -4*s, -5*v + 3*s + 169 = -v. Suppose z = -3*q + 64, q + 2*z - v = -q. What is the units digit of q?
2
Let m be ((-894)/(-2))/(0 + -1). What is the tens digit of 8/(-28) + m/(-21)?
2
Let i = -11 + 38. Suppose 6*l - 27 = i. What is the units digit of l?
9
Let t(f) = -f**2 - 5*f - 2. Let p be t(-4). Suppose a - p*a - 2 = 0, 2*a = -4*s + 76. What is the units digit of s?
0
Let z = 36 - 21. What is the tens digit of z?
1
Let n(k) = -2*k**2 + 5*k + 1. Let s be n(4). Let r = 13 + s. What is the units digit of r?
2
Let u be (-10)/(-4) + (-2)/(-4). Suppose -p + 6 = -u. Suppose -4*k = -k - p. What is the units digit of k?
3
Let n(d) = 18*d + 1. Let v = 7 + -6. What is the tens digit of n(v)?
1
Let q = 38 - 71. Let n = 102 + -54. Let m = n + q. What is the tens digit of m?
1
Let j(q) = 3*q**3 + q**2 - 1. Let i be j(1). Suppose t = i*u - 6, u - 4*t - 15 + 2 = 0. What is the units digit of u/(-1)*0 + 1?
1
Suppose -3*y + 0*b - b + 15 = 0, -5*y + 8 = -4*b. Suppose 0 = 2*j + 4*f + 2, 4*j - y*f = -6*f + 14. Suppose -9 = -j*z + 41. What is the units digit of z?
0
What is the tens digit of (-1)/7 - (-2712)/21?
2
Suppose -2*g - 50 = -420. What is the tens digit of g?
8
Suppose 34*j - 27*j = 364. What is the units digit of j?
2
Suppose -2*a - 2 = -246. What is the tens digit of a?
2
Let j(r) = -r**3 - 5*r**2 - 5*r - 1. What is the tens digit of j(-5)?
2
Let c(x) = -2*x**2 + x - 5. Let w(j) = 5*j**2 - 3*j + 10. Let b(p) = 5*c(p) + 3*w(p). What is the tens digit of b(2)?
1
Suppose 0*r + 12 = 3*r. Suppose 0 = c - 32 + r. Suppose c = 5*l - 7. What is the units digit of l?
7
Let d(m) = -m**3 + 6*m**2 - 3*m - 5. Let l be d(5). Let w(a) = -3*a + a - 4 - l. What is the units digit of w(-6)?
3
Let r = -60 - -88. What is the tens digit of r?
2
Suppose 3*x - 8 = 2*v - 26, 5*v - 24 = -3*x. Let s be (-45)/(-3) + -3 + v. Suppose 2 = -2*i + s. What is the units digit of i?
8
Let o(d) = -d**3 - 4*d**2 - 2*d + 4. Let z be o(-3). Suppose 0*t - 5*g - z = 2*t, 3*g + 27 = t. Let j = t + -3. What is the units digit of j?
9
Let x = 107 + -74. What is the tens digit of x?
3
Let r(n) = -14*n**2 + 19*n**2 - 2 - 4*n - n**3 + 4. What is the units digit of r(4)?
2
Suppose 4*k = k + 75. Suppose k = 4*q + q. What is the units digit of q?
5
Suppose -4*s - 30 + 90 = 0. What is the tens digit of s?
1
Suppose -7 = -4*h - 5*c, -3*h + c + 4 = -2*h. Suppose 12 + h = -5*f. Let k = 19 + f. What is the units digit of k?
6
Let o = -307 + 533. What is the tens digit of o?
2
Let g = 5 - 5. Suppose g = -2*m + 6. What is the units digit of m?
3
Let s be 12/(4 - 1) - 1. Suppose -s*z + 6 = -3. What is the tens digit of 18 - (3/z + 0)?
1
Let r(c) = c**2 - 9*c - 29. What is the units digit of r(12)?
7
Let y(z) be the third derivative of -z**6/360 + z**5/24 + 5*z**4/24 - z**3/3 + z**2. Let c(t) be the first derivative of y(t). What is the units digit of c(5)?
5
Let j = -19 - -21. Let d(m) = 6*m**3 - m - 2. What is the tens digit of d(j)?
4
Let y(i) be the second derivative of -i**5/60 - 5*i**4/24 - i**3/2 + i**2 - 2*i. Let k(q) be the first derivative of y(q). What is the units digit of k(-3)?
3
Suppose 2*i - 2*w = i + 17, 3*i = -2*w + 11. What is the units digit of i?
7
Let i(c) = c + 2*c**2 + 4 - c**3 + 2*c + 0*c**3 - 1. What is the units digit of i(-2)?
3
Suppose 2*q = b + 37 + 290, -9 = -3*b. What is the hundreds digit of q?
1
Let o be ((-3)/(-2))/((-6)/(-20)). Suppose -o*u + 14 = -46. What is the tens digit of u?
1
What is the units digit of 13*(1 + (-2 - -2))?
3
Let s = 39 - -153. What is the hundreds digit of s?
1
Let b = 49 - 48. What is the units digit of b?
1
Let j be (-5)/(-1) + (-18)/(-6). Let z = j + -7. What is the units digit of z?
1
Suppose 1 = 4*g - 19. Suppose 3 = -4*k - g. Let m = k - -5. What is the units digit of m?
3
What is the units digit of -3*(-2)/4*10?
5
Let f(t) = -t**2 - 6*t. Let c be (3/(-6))/((-2)/(-20)). Let k be f(c). Suppose 8 = 5*r - d - 2, -k*r - d = -20. What is the units digit of r?
3
Suppose -4*u - 3*q = -72, u - 3*q + q - 7 = 0. Let o = -8 + u. What is the units digit of o?
7
Suppose 3*r - 5 = 7, -1 = -3*a + 2*r. What is the units digit of a?
3
Let b(x) = -13*x + 1. Suppose 4*w = 2*n + 16, 3*w + 2*w = 5*n + 25. What is the tens digit of b(n)?
2
Let j(t) = 3*t**2 + 9*t + 3. What is the tens digit of j(-6)?
5
Suppose -2*l = 2*c + 2*c - 16, 0 = 3*c + 5*l - 5. Suppose 5*z + 2 = a - 3, z + 121 = c*a. What is the units digit of a?
5
Let d(v) = v**3 + 7*v**2 - v + 5. Let y be d(-7). What is the units digit of 23 + 1*y/(-3)?
9
Let a be 3/(-9) + (-3)/(-9). Let v = a + 2. Suppose -3*d + v = -2*d. What is the units digit of d?
2
Suppose 2*h - 4*j = 6*h + 4, -5*j = 3*h + 13. Suppose 5*z - 21 = -4*s - h, -3*z = -s. What is the units digit of z?
1
What is the tens digit of -91*(-1)/(6 - 5)?
9
Suppose q - 6*q = -10. What is the units digit of q?
2
Let y(f) be the first derivative of 0*f + 1 + 1/2*f**2 + 2/3*f**3. What is the tens digit of y(2)?
1
Let u(o) = -o**3 - 6*o**2 + o + 8. Let m be u(-6). Suppose 12 = 3*b, -b = h + m*b - 60. Suppose -h = -f - 3*f. What is the units digit of f?
2
Let m(w) = -w**3 + 8*w**2 - 4*w + 10. What is the units digit of m(7)?
1
Let m = -53 - -87. What is the tens digit of m?
3
Suppose -3 = -v - 2. Suppose -5*o - v = -31. Suppose -o = -3*z - 0. What is the units digit of z?
2
Suppose 4*q - 16 + 4 = 0. Suppose -2*s = -q*s. Suppose s*o = -o + 8. What is the units digit of o?
8
Suppose r + 3*c + 10 = 0, -r + 6*r + 2*c - 15 = 0. Let q(f) = f + 2. What is the units digit of q(r)?
7
Let g be (-2)/11 + 475/11. Let h = g + -31. What is the units digit of h?